)). Let n(s) = 3*s**3 + 24*s**2 - 11*s + 8. Let j(t) = k*c(t) + n(t). Give j(11).
-40
Let k(z) be the third derivative of -z**5/60 + 13*z**4/24 - 5*z**3/6 - 3987*z**2. Let w(q) = 7*q**2 - q. Let i be w(1). What is k(i)?
37
Suppose 3 - 1 = m. Let v(o) = 4*o - 4*o**m + o**2 + 4*o**2 - 4. Let z(g) = -811*g + 4051. Let u be z(5). Give v(u).
-4
Let x(w) = -3*w + 4. Let q(f) = -4*f + 5. Let d be q(0). Calculate x(d).
-11
Let i = -12347 + 12370. Let h(w) = -2*w + 23. Calculate h(i).
-23
Let w(l) = -l**3 + 8*l**2 - 3*l - 4. Let t(d) = 14*d - 65. Let m be t(5). Give w(m).
56
Let j(y) = -9*y - 4. Let q = -50 + 49. Calculate j(q).
5
Let o = -68 - -155. Let r(y) = 71 + y + o - 173. Determine r(13).
-2
Let y(q) be the first derivative of q**4/4 - 11*q**3/3 + 19*q**2/2 - 20*q + 2398. Determine y(9).
-11
Let v(w) = -w**3 + 5*w - 8. Let i be v(-3). Suppose 0 = -5*r + 453 - 108. Let y(z) = -73 + r - 2*z**2 + 13*z - 6*z. Determine y(i).
-8
Let s(a) = -21*a. Let n = 32 + -31. Let t be (2/10)/((-2)/(-10))*n. Let u be -2 + -2 - (-6 + t). Give s(u).
-21
Let g(k) be the second derivative of -k**4/12 + 2*k**3/3 + k**2/2 + 347918*k. Let z = -7 - -3. Determine g(z).
-31
Let v(t) = -3*t**3 - 2*t + 1. Suppose -21*k = 18 - 39. Give v(k).
-4
Suppose 10*w + 204 = -24*w. Let n(y) be the third derivative of -y**6/120 - y**5/15 + y**4/3 + y**3/3 + 2*y**2 - 17. Determine n(w).
26
Let r(f) = -f**3 - 16*f**2 + 16*f - 22. Let q(t) = -2*t**2 - 3*t + 3. Let n be q(-4). Calculate r(n).
-5
Let q(h) be the first derivative of -3*h**4 - 2*h**2 + 4*h - 2412. Calculate q(1).
-12
Let t(c) = -c - 4. Let i be t(-4). Suppose -12*u + u - 33 = i. Let r(h) = h**3 + 3*h**2 - 4*h - 5. Determine r(u).
7
Let q be 5/(15/18) + -4. Let l(s) = -6*s**q - s**3 - 2*s + 0 + 0*s - 7. Suppose 2*f + 5 = -7. Give l(f).
5
Let w(t) = t - 2. Let q(l) = 11*l + 153. Let d be q(-24). Let n = d + 124. Determine w(n).
11
Suppose -8*q + 6*q + 36 = 0. Let z(b) = 28*b - q*b + b**2 - 2 - 2. What is z(-10)?
-4
Let n(u) = -u**3 - 5*u**2 + 12. Let v be 3/10 - ((-5352)/(-240) - 17). What is n(v)?
12
Let t(y) = -y**2 + 303*y + 921. Let d be t(-3). Let s(f) = 5*f**2 - 3*f - 13. Let g(w) = 4*w**2 - 2*w - 12. Let c(v) = -6*g(v) + 5*s(v). What is c(d)?
7
Let q(z) = -z - 1. Let v(f) = -4*f - 16. Suppose -3*x + 3 = -0*o + 2*o, -x + 3 = o. Let s(j) = o*q(j) - v(j). Give s(7).
-4
Let j(d) = d - 11. Let t be 5/2*(-104)/(-130). Suppose -34 = -t*c - 2. Suppose c = -4*i, 3*b - 2*i - 28 = -i. Determine j(b).
-3
Let t(w) = -w + 14. Let l be t(6). Let m(x) be the third derivative of -x**4/12 + 11*x**3/6 + 8687*x**2. Calculate m(l).
-5
Let s(p) = -p**2 - 7*p - 8. Let h(w) = 2*w**2 - 3*w - 2. Let j be h(-4). Let r = -5478 + 5506. Let l be (j/r)/((-1)/4). Determine s(l).
-2
Let r(n) be the first derivative of -n**6/120 + n**5/6 - 3*n**4/8 + 11*n**3/6 + n**2 - 39*n - 74. Let f(u) be the second derivative of r(u). Calculate f(9).
11
Let k(q) = -20*q + 35. Let s(l) = -7*l + 12. Let i(t) = -6*k(t) + 17*s(t). Let r be 4 + (3/5)/(6 - 377/65). Calculate i(r).
1
Let b(h) = -2*h**3 - 48*h**2 + 48*h - 50. Let l(i) = 63*i - 3049. Let t be l(48). Calculate b(t).
0
Let q(n) = n - 20. Let u be q(-11). Let a = 43 + u. Suppose 2*l - a = -2*o, -l + 2*o = -8 + 2. Let c(s) = s**2 - 6*s + 6. Give c(l).
6
Let f(a) = -18*a - 21*a + 32*a**3 + 50*a - 8*a - 2. Determine f(1).
33
Let h = 24 - 21. Let o(r) = -3*r**3 + 4 - 2*r - 3 + 23*r**h. Suppose 0 = 8*n - 15*n + 7. Determine o(n).
19
Let p be -2*(2 - (5 - 3/3)). Suppose 4*s = -p*w + 12, -5*s = -w - w - 22. Suppose l = 3 - s. Let g(y) = 22*y**2 - 2*y - 1. Give g(l).
23
Let g(p) = -p + 21. Let q be g(19). Suppose 0 = 5*y - b - 137, -5*b = -q*y + 8 + 33. Let x(l) = -16 + 5*l + y - 9. Calculate x(5).
28
Let g(k) = -k + 6. Let l(s) = -8. Let u(f) = 4*g(f) + 6*l(f). Calculate u(-11).
20
Let j(w) = 5*w**2 + 16*w - 43. Let r(z) = 14*z**2 + 47*z - 124. Let t(n) = 17*j(n) - 6*r(n). Give t(9).
4
Let s(a) be the third derivative of a**5/60 - a**4/4 - 7*a**3/6 + 3*a**2. Let r be 5*9/75*5. Suppose u - 9 = -x + 2*u, -r*x + 21 = -u. Give s(x).
-7
Let k(f) be the first derivative of f**2/2 + 5*f - 1. Let h(o) = 2*o + 62. Let q be h(-30). Suppose -3*d - 22 = r, -d - q*r = -0*r + 14. Give k(d).
-1
Let d(l) = -10*l**2 + 59*l + 10. Let y(i) = -4*i + 86. Let r be y(20). Let o be d(r). Let p(c) = -c**3 + 4*c**2 - c + 5. What is p(o)?
1
Let m(f) be the second derivative of f**5/20 + 3*f**4/4 + 4*f**3/3 - 5*f**2/2 + 3*f. Let h = 23600 + -23608. Calculate m(h).
-5
Let q(p) = p**3 + 8*p**2 + p - 7. Let v = 3192 - 3200. What is q(v)?
-15
Let r(p) = -3*p**2 + p + 235. Let s be r(0). Suppose 5*c + 5*v = s, 3*c - 164 = -5*v - 21. Let b = -40 + c. Let a(k) = -k**3 + 6*k**2 - 4. Give a(b).
-4
Suppose 10*g = 9*g + 5. Suppose 3*l + s - 4 = 1, -4*l = -g*s - 32. Let j(b) = -6*b + 4*b**2 + b**l + 13*b + 4 - 1 + 4*b**2. Determine j(-7).
3
Let a be (-2 + 1 - -1) + (6 - 12). Let y be (-4)/(-2)*-3*2/a. Let i(l) = 128*l + 3 - 2 - 127*l + l**3 - 2*l**y. Calculate i(2).
3
Let h(m) = -m**3 - 5*m**2 - 1. Let r(v) = 4*v**3 - 4*v**2 + 6*v - 18. Let c = -57 + 60. Let n be r(c). Let f = -77 + n. Determine h(f).
-1
Let r(a) = 16*a**2 + a - 2. Let d(i) = -97*i**2 - 14*i + 9. Let b(x) = d(x) + 6*r(x). Determine b(-14).
-87
Let p(y) be the second derivative of 2*y**3/3 + y. Let b be 9/(((-23)/56)/(-23)). Let s be 4/(-9)*b/(-112). Give p(s).
8
Let p(b) = b**2 - 16*b - 18. Let u(f) = 2*f - 28. Let r be u(16). Suppose 46 = 2*x + r*q, 3*x + q - 14 = 40. Let z be p(x). Let t(d) = 9*d**2 - 1. Give t(z).
8
Suppose 24*l = 14*l + 800. Let t = l - 77. Let w(d) = d**2 - 3*d - 2. Give w(t).
-2
Let v(b) = -3*b + 33. Let u(n) = 7*n - 62. Let p = 41 + -37. Let l(i) = p*u(i) + 9*v(i). What is l(0)?
49
Let h(y) = y**2 + 21*y + 119. Let q be h(-8). Let u(o) = -14*o**3 - 16*o + 13 + 7 + 16*o**2 + 5*o**3 + 8*o**3. Determine u(q).
5
Let y(i) = -i**2 + 12*i + 10. Let d(h) = -h + 1. Suppose 29*x = 6*x + 23. Let m(s) = x*y(s) + 3*d(s). Determine m(9).
13
Let x(f) = -f**3 - 6*f**2 + 4*f + 4. Let r(t) = -4*t**2 - 6. Let n(j) = -3*j**2 - j - 6. Let i(m) = 3*n(m) - 2*r(m). Let p be i(0). Determine x(p).
-20
Let c(a) = 3*a**2 - 15*a - 3. Suppose -83*v - 40 = -75*v. Let p(y) = 2*y**2 - 9*y - 2. Let u(n) = v*p(n) + 3*c(n). Calculate u(2).
-3
Let s = -5884 - -5886. Let v(o) be the third derivative of -o**6/90 - o**5/120 - o**4/12 - o**2. Let y(j) be the second derivative of v(j). What is y(s)?
-17
Let w(c) = -c**3 + 5*c**2 + 50*c - 9. Suppose 33 - 263 = -23*h. Determine w(h).
-9
Let p(t) = 2*t**3 - 2*t**2 + 2. Let a be p(1). Let h(z) = 4*z + 38*z**a - 6 - 17*z**2 - 22*z**2. What is h(5)?
-11
Let i = 38 - 36. Suppose i*p - t = 1, -4*t + 2 = 2*p - 4. Let h(y) = -2*y + p + 2 + 0*y**3 + y**2 - 2*y**3. Determine h(2).
-13
Let x be 105/280 + (-105)/(-40). Let z(r) = r**2 + 7*r - 19. What is z(x)?
11
Let z(q) = -500*q - 2 - 479*q - q**3 + 974*q - 4*q**2. Determine z(-4).
18
Let d(m) be the first derivative of m**2 + 2*m + 932. Give d(10).
22
Let u be ((6 - 1)/5)/((-2)/(-10)). Suppose -19*s = -u*s - 560. Let m(q) = -q**3 + q**2 - 37 - 4*q + 4*q**2 - q**2 + s. Give m(2).
3
Let j be 2/(-8) - 1/((-16)/260). Let d = j + 9. Let u(z) = -28 + d + 2*z**2 - z**2 - 3*z. Calculate u(-2).
7
Let f(t) = t - 7. Let p(y) = y + 1. Let v be p(2). Let i be (v/(-5))/(4/60). Let w be (-9)/i*0/1. Determine f(w).
-7
Let p be ((-4)/5)/(5474/(-455) + 12). Let k(q) be the second derivative of -1/2*q**3 - q**2 + 0 - p*q. What is k(-3)?
7
Let m(b) = -b. Let d(x) = 3*x**2 - 46*x - 9. Let y be d(19). Suppose 10 = -15*q - y. What is m(q)?
14
Let t(f) be the third derivative of f**5/60 + 5*f**4/24 - 23*f**3/6 - 2*f**2 + 537. Give t(-7).
-9
Let w(l) be the second derivative of -l**5/20 - 2*l**4/3 + l**3/3 - 4*l**2 + 45*l - 1. Give w(-8).
-24
Let g(n) be the second derivative of -n**3/6 - 24*n**2 - 11*n - 60. Determine g(-21).
-27
Let o be -1 - 4/3*-6*7/28. Let r(k) = -4*k**2 - 4*k + 4. What is r(o)?
-4
Suppose z + 150 = 5*p, 3*z - 132 = -5*p + 18. Let s(h) = -3*h + 97. What is s(p)?
7
Let v(f) = -25*f**3 + 5*f**2 + 9*f - 46. Let x(j) = 11*j**3 - 2*j**2 - 4*j + 21. Let z(o) = -4*v(o) - 9*x(o). Give z(3).
4
Suppose -11*y + 4 = -7*y. Let j(b) = 6*b**3 - 2*b**2 + 1. Let h be j(y). Let p(s) = s - 2 + 0 - 4 + h*s**2 + 7. Give p(-1).
5
Let y(s) =